{"id":394,"date":"2014-02-05T22:28:26","date_gmt":"2014-02-05T20:28:26","guid":{"rendered":"http:\/\/hokido.hahnel.pro\/wordpress\/?page_id=394"},"modified":"2021-11-29T11:47:20","modified_gmt":"2021-11-29T09:47:20","slug":"schwerpunkt-ernaehrung","status":"publish","type":"page","link":"https:\/\/www.hokido.de\/?page_id=394","title":{"rendered":"Schwerpunkt Ern\u00e4hrung"},"content":{"rendered":"\n<p>Gesunde und ausgewogene Ern\u00e4hrung ist f\u00fcr uns eine zentrale erzieherische Aufgabe:<\/p>\n\n\n\n<ul class=\"wp-block-list\"><li>Die Kinder im HoKiDo werden t\u00e4glich mit drei frisch von einem Koch und zwei K\u00fcchenhilfen vor Ort zubereiteten Mahlzeiten versorgt. Dazu verf\u00fcgt das Geb\u00e4ude \u00fcber eine vollausgestattete K\u00fcche.<\/li><li>Es wird eine biologisch vollwertige Mischkost zubereitet.<\/li><li>Es wird konsequent auf Zucker verzichtet und salzarm gew\u00fcrzt, so dass schon die Kleinsten mitessen k\u00f6nnen.<\/li><li>Frisches Obst, Rohkost und Vollkornprodukte bilden die Grundlage des t\u00e4glichen Speiseplans.<\/li><li>Die Kinder lernen die heimischen Obst- und Gem\u00fcsesorten kennen und k\u00f6nnen \u00fcber eine Anrichte in die Zubereitung einbezogen werden.<\/li><\/ul>\n\n\n\n<p><span style=\"line-height: 1.714285714; font-size: 1rem;\">Regelm\u00e4\u00dfige Ausfl\u00fcge auf einen Biobauernhof mit Streifz\u00fcgen durch die Gew\u00e4chsh\u00e4user und die St\u00e4lle runden die Ern\u00e4hrungserziehung sinnvoll ab.<\/span><\/p>\n\n\n\n<h3 class=\"wp-block-heading\">&nbsp;<\/h3>\n\n\n\n<p><\/p>\n","protected":false},"excerpt":{"rendered":"<p>Gesunde und ausgewogene Ern\u00e4hrung ist f\u00fcr uns eine zentrale erzieherische Aufgabe: Die Kinder im HoKiDo werden t\u00e4glich mit drei frisch von einem Koch und zwei K\u00fcchenhilfen vor Ort zubereiteten Mahlzeiten versorgt. Dazu verf\u00fcgt das Geb\u00e4ude \u00fcber eine vollausgestattete K\u00fcche. Es wird eine biologisch vollwertige Mischkost zubereitet. Es wird konsequent auf Zucker verzichtet und salzarm gew\u00fcrzt, [&hellip;]<\/p>\n","protected":false},"author":1,"featured_media":118,"parent":9,"menu_order":3,"comment_status":"closed","ping_status":"open","template":"","meta":{"footnotes":""},"class_list":["post-394","page","type-page","status-publish","has-post-thumbnail","hentry"],"_links":{"self":[{"href":"https:\/\/www.hokido.de\/index.php?rest_route=\/wp\/v2\/pages\/394","targetHints":{"allow":["GET"]}}],"collection":[{"href":"https:\/\/www.hokido.de\/index.php?rest_route=\/wp\/v2\/pages"}],"about":[{"href":"https:\/\/www.hokido.de\/index.php?rest_route=\/wp\/v2\/types\/page"}],"author":[{"embeddable":true,"href":"https:\/\/www.hokido.de\/index.php?rest_route=\/wp\/v2\/users\/1"}],"replies":[{"embeddable":true,"href":"https:\/\/www.hokido.de\/index.php?rest_route=%2Fwp%2Fv2%2Fcomments&post=394"}],"version-history":[{"count":4,"href":"https:\/\/www.hokido.de\/index.php?rest_route=\/wp\/v2\/pages\/394\/revisions"}],"predecessor-version":[{"id":1448,"href":"https:\/\/www.hokido.de\/index.php?rest_route=\/wp\/v2\/pages\/394\/revisions\/1448"}],"up":[{"embeddable":true,"href":"https:\/\/www.hokido.de\/index.php?rest_route=\/wp\/v2\/pages\/9"}],"wp:featuredmedia":[{"embeddable":true,"href":"https:\/\/www.hokido.de\/index.php?rest_route=\/wp\/v2\/media\/118"}],"wp:attachment":[{"href":"https:\/\/www.hokido.de\/index.php?rest_route=%2Fwp%2Fv2%2Fmedia&parent=394"}],"curies":[{"name":"wp","href":"https:\/\/api.w.org\/{rel}","templated":true}]}}