{"id":124,"date":"2013-12-01T13:50:48","date_gmt":"2013-12-01T11:50:48","guid":{"rendered":"http:\/\/localhost\/wordpress\/?page_id=124"},"modified":"2021-11-30T13:42:41","modified_gmt":"2021-11-30T11:42:41","slug":"unsere-feste","status":"publish","type":"page","link":"https:\/\/www.hokido.de\/?page_id=124","title":{"rendered":"Veranstaltungen"},"content":{"rendered":"\n<p>Auch im Laufe des Kita-Jahres gibt es einige Highlights, die hier nicht unerw\u00e4hnt bleiben sollen.<\/p>\n\n\n\n<h3 class=\"wp-block-heading\"><span style=\"font-size: 1.142857143rem; line-height: 1.846153846;\">Sommerfest<\/span><\/h3>\n\n\n\n<figure class=\"wp-block-image\"><img loading=\"lazy\" decoding=\"async\" width=\"300\" height=\"200\" src=\"http:\/\/hokido.hahnel.pro\/wordpress\/wp-content\/uploads\/2013\/12\/IMG_8676-300x200.jpg\" alt=\"Sommerfest\" class=\"wp-image-126\" srcset=\"https:\/\/www.hokido.de\/wp-content\/uploads\/2013\/12\/IMG_8676-300x200.jpg 300w, https:\/\/www.hokido.de\/wp-content\/uploads\/2013\/12\/IMG_8676-624x416.jpg 624w, https:\/\/www.hokido.de\/wp-content\/uploads\/2013\/12\/IMG_8676.jpg 768w\" sizes=\"auto, (max-width: 300px) 100vw, 300px\" \/><\/figure>\n\n\n\n<p>Die Schulkinder werden traditionell auf dem gro\u00dfen HoKiDo-Sommerfest am letzten Samstag vor der Einschulung verabschiedet. Dieses steht jedes Jahr unter einem anderen Motto, zu dem die Kita festlich geschm\u00c3\u00bcckt wird. Die Schulkinder stehen im Mittelpunkt eines kleinen Theaterst\u00fcckes und alle Kinder d\u00c3\u00bcrfen sich verkleiden.\u00a0 Nat\u00fcrlich gibt es auch Spiele sowie lecker Essen und Trinken.<\/p>\n\n\n\n<h3 class=\"wp-block-heading\">Flohmarkt<\/h3>\n\n\n\n<p>Zweimal im Jahr findet in den R\u00e4umen des HoKiDo ein Kinderflohmarkt statt. Es sind auch externe Aussteller willkommen. <\/p>\n\n\n\n<h3 class=\"wp-block-heading\">Feste in allen vier Jahreszeiten<\/h3>\n\n\n\n<p>Nat\u00fcrlich werden auch die weiteren Feste wie St. Martin, Weihnachten, Karneval und Ostern in der Kita gefeiert. Zu St. Martin etwa, findet um den 11.11. herum ein Laternenumzug mit anschlie\u00dfendem gem\u00fctlichen Beisammensein bei W\u00fcrstchen und Keksen statt.\u00a0Ebenfalls gibt es einmal im Jahr eine \u00dcbernachtung der Kinder im Kindergarten. H\u00f6hepunkt jeden Jahres ist der dreit\u00e4gige Ausflug zum Hubertushof f\u00fcr alle Kindere ab 4 im Fr\u00fchsommer.<\/p>\n","protected":false},"excerpt":{"rendered":"<p>Auch im Laufe des Kita-Jahres gibt es einige Highlights, die hier nicht unerw\u00e4hnt bleiben sollen. Sommerfest Die Schulkinder werden traditionell auf dem gro\u00dfen HoKiDo-Sommerfest am letzten Samstag vor der Einschulung verabschiedet. Dieses steht jedes Jahr unter einem anderen Motto, zu dem die Kita festlich geschm\u00c3\u00bcckt wird. Die Schulkinder stehen im Mittelpunkt eines kleinen Theaterst\u00fcckes und [&hellip;]<\/p>\n","protected":false},"author":1,"featured_media":0,"parent":9,"menu_order":4,"comment_status":"closed","ping_status":"closed","template":"","meta":{"footnotes":""},"class_list":["post-124","page","type-page","status-publish","hentry"],"_links":{"self":[{"href":"https:\/\/www.hokido.de\/index.php?rest_route=\/wp\/v2\/pages\/124","targetHints":{"allow":["GET"]}}],"collection":[{"href":"https:\/\/www.hokido.de\/index.php?rest_route=\/wp\/v2\/pages"}],"about":[{"href":"https:\/\/www.hokido.de\/index.php?rest_route=\/wp\/v2\/types\/page"}],"author":[{"embeddable":true,"href":"https:\/\/www.hokido.de\/index.php?rest_route=\/wp\/v2\/users\/1"}],"replies":[{"embeddable":true,"href":"https:\/\/www.hokido.de\/index.php?rest_route=%2Fwp%2Fv2%2Fcomments&post=124"}],"version-history":[{"count":9,"href":"https:\/\/www.hokido.de\/index.php?rest_route=\/wp\/v2\/pages\/124\/revisions"}],"predecessor-version":[{"id":1586,"href":"https:\/\/www.hokido.de\/index.php?rest_route=\/wp\/v2\/pages\/124\/revisions\/1586"}],"up":[{"embeddable":true,"href":"https:\/\/www.hokido.de\/index.php?rest_route=\/wp\/v2\/pages\/9"}],"wp:attachment":[{"href":"https:\/\/www.hokido.de\/index.php?rest_route=%2Fwp%2Fv2%2Fmedia&parent=124"}],"curies":[{"name":"wp","href":"https:\/\/api.w.org\/{rel}","templated":true}]}}